{"id":17949,"date":"2024-06-24T13:56:52","date_gmt":"2024-06-24T19:56:52","guid":{"rendered":"https:\/\/www.infoqro.mx\/?page_id=17949"},"modified":"2025-12-23T09:08:05","modified_gmt":"2025-12-23T15:08:05","slug":"ar-ntonuu","status":"publish","type":"page","link":"https:\/\/www.infoqro.mx\/index.php\/ar-ntonuu\/","title":{"rendered":"Ar nt\u00b4o\u00b4\u00f1uu Amealco"},"content":{"rendered":"\t\t<div data-elementor-type=\"wp-page\" data-elementor-id=\"17949\" class=\"elementor elementor-17949\" data-elementor-post-type=\"page\">\n\t\t\t\t\t\t<section class=\"elementor-section elementor-top-section elementor-element elementor-element-3583664 elementor-section-boxed elementor-section-height-default elementor-section-height-default\" data-id=\"3583664\" data-element_type=\"section\" data-e-type=\"section\" data-settings=\"{&quot;scisco_shape_divider_top&quot;:&quot;none&quot;,&quot;scisco_shape_divider_bottom&quot;:&quot;none&quot;}\">\n\t\t\t\t\t\t<div class=\"elementor-container elementor-column-gap-default\">\n\t\t\t\t\t<div class=\"elementor-column elementor-col-100 elementor-top-column elementor-element elementor-element-611d3ef\" data-id=\"611d3ef\" data-element_type=\"column\" data-e-type=\"column\">\n\t\t\t<div class=\"elementor-widget-wrap elementor-element-populated\">\n\t\t\t\t<a class=\"eael-wrapper-link-41b4722 --eael-wrapper-link-tag\" href=\"https:\/\/www.infoqro.mx\"><\/a>\t\t<div data-eael-wrapper-link=\"eael-wrapper-link-41b4722\" class=\"elementor-element elementor-element-41b4722 elementor-widget__width-auto migas elementor-widget elementor-widget-text-editor\" data-id=\"41b4722\" data-element_type=\"widget\" data-e-type=\"widget\" data-widget_type=\"text-editor.default\">\n\t\t\t\t<div class=\"elementor-widget-container\">\n\t\t\t\t\t\t\t\t\t<p>Inicio<\/p>\t\t\t\t\t\t\t\t<\/div>\n\t\t\t\t<\/div>\n\t\t\t\t<div class=\"elementor-element elementor-element-86a0994 elementor-widget__width-auto migas elementor-widget elementor-widget-text-editor\" data-id=\"86a0994\" data-element_type=\"widget\" data-e-type=\"widget\" data-widget_type=\"text-editor.default\">\n\t\t\t\t<div class=\"elementor-widget-container\">\n\t\t\t\t\t\t\t\t\t<p>\u00a0\u00bb Ga p\u00e4di ga<span style=\"color: var( --e-global-color-primary ); text-align: right;\"> \u00bb <\/span><span style=\"color: var( --e-global-color-primary ); text-align: right;\"><span style=\"font-weight: 800; color: var( --e-global-color-primary );\">Ar nt\u2019o\u2019\u00f1uu<\/span><\/span><\/p>\t\t\t\t\t\t\t\t<\/div>\n\t\t\t\t<\/div>\n\t\t\t\t\t<\/div>\n\t\t<\/div>\n\t\t\t\t\t<\/div>\n\t\t<\/section>\n\t\t\t\t<section class=\"elementor-section elementor-top-section elementor-element elementor-element-847bdf4 elementor-section-content-top elementor-section-boxed elementor-section-height-default elementor-section-height-default\" data-id=\"847bdf4\" data-element_type=\"section\" data-e-type=\"section\" data-settings=\"{&quot;scisco_shape_divider_top&quot;:&quot;none&quot;,&quot;scisco_shape_divider_bottom&quot;:&quot;none&quot;}\">\n\t\t\t\t\t\t<div class=\"elementor-container elementor-column-gap-extended\">\n\t\t\t\t\t<div class=\"elementor-column elementor-col-33 elementor-top-column elementor-element elementor-element-a4f57b6\" data-id=\"a4f57b6\" data-element_type=\"column\" data-e-type=\"column\">\n\t\t\t<div class=\"elementor-widget-wrap elementor-element-populated\">\n\t\t\t\t\t\t<div class=\"elementor-element elementor-element-87c0094 elementor-widget elementor-widget-image\" data-id=\"87c0094\" data-element_type=\"widget\" data-e-type=\"widget\" data-widget_type=\"image.default\">\n\t\t\t\t<div class=\"elementor-widget-container\">\n\t\t\t\t\t\t\t\t\t\t\t\t\t\t\t<img decoding=\"async\" src=\"https:\/\/www.infoqro.mx\/wp-content\/uploads\/2023\/12\/directorio-7.png\" title=\"directorio-7\" alt=\"directorio-7\" loading=\"lazy\" \/>\t\t\t\t\t\t\t\t\t\t\t\t\t\t\t<\/div>\n\t\t\t\t<\/div>\n\t\t\t\t\t<\/div>\n\t\t<\/div>\n\t\t\t\t<div class=\"elementor-column elementor-col-66 elementor-top-column elementor-element elementor-element-cd5969d\" data-id=\"cd5969d\" data-element_type=\"column\" data-e-type=\"column\">\n\t\t\t<div class=\"elementor-widget-wrap elementor-element-populated\">\n\t\t\t\t\t\t<div class=\"elementor-element elementor-element-cd965b5 elementor-widget__width-initial elementor-widget-mobile__width-initial elementor-widget elementor-widget-heading\" data-id=\"cd965b5\" data-element_type=\"widget\" data-e-type=\"widget\" data-widget_type=\"heading.default\">\n\t\t\t\t<div class=\"elementor-widget-container\">\n\t\t\t\t\t<h2 class=\"elementor-heading-title elementor-size-default\">Ar nt\u2019o\u2019\u00f1uu<\/h2>\t\t\t\t<\/div>\n\t\t\t\t<\/div>\n\t\t\t\t<div class=\"elementor-element elementor-element-13071701 elementor-widget elementor-widget-text-editor\" data-id=\"13071701\" data-element_type=\"widget\" data-e-type=\"widget\" id=\"texto\" data-widget_type=\"text-editor.default\">\n\t\t\t\t<div class=\"elementor-widget-container\">\n\t\t\t\t\t\t\t\t\t<div class=\"table-responsive\"><table class=\"table table-hover\"><tbody><tr><td><span style=\"font-weight: 400;\"><strong>Ar thuuhu<\/strong><\/span><\/td><td><strong>\u00c1r \u2018b<u>e<\/u>fi<\/strong><\/td><td width=\"295px;\"><strong>Ar m\u2019<u>e<\/u>hnah\u00f1\u00f6 \u00f1ot\u2019i<\/strong><\/td><\/tr><tr><td><span style=\"font-weight: 400;\">Mtro. Javier Marra Olea<\/span><\/td><td><span style=\"font-weight: 400;\">N\u2019a ar nd\u00f6nt\u2019ets\u2019i<\/span><\/td><td><span style=\"font-weight: 400;\"><img decoding=\"async\" class=\"alignnone size-full wp-image-5427\" src=\"https:\/\/www.infoqro.mx\/wp-content\/uploads\/2023\/11\/correo-electronico.png\" alt=\"\" width=\"32\" height=\"32\" \/> jmarra@infoqro.mx<\/span><\/td><\/tr><tr><td>Lic. Alejandra Vargas V\u00e1zquez<\/td><td>N\u2019a ar nt\u2019ets\u2019i<\/td><td><img decoding=\"async\" class=\"alignnone size-full wp-image-5427\" src=\"https:\/\/www.infoqro.mx\/wp-content\/uploads\/2023\/11\/correo-electronico.png\" alt=\"\" width=\"32\" height=\"32\" \/> avargas@infoqro.mx<\/td><\/tr><tr><td>Mtro. Octavio Pastor Nieto de la Torre<\/td><td>Ma n\u2019a nt\u2019ets\u2019i<\/td><td><img decoding=\"async\" class=\"alignnone size-full wp-image-5427\" src=\"https:\/\/www.infoqro.mx\/wp-content\/uploads\/2023\/11\/correo-electronico.png\" alt=\"\" width=\"32\" height=\"32\" \/> onieto@infoqro.mx<\/td><\/tr><tr><td><span style=\"font-weight: 400;\">Lic. Dulce Nadia Villa Maldonado<\/span><\/td><td>Ar ot\u2019ate nt\u2019<u>o<\/u>t\u2019e<\/td><td><img decoding=\"async\" class=\"alignnone size-full wp-image-5427\" src=\"https:\/\/www.infoqro.mx\/wp-content\/uploads\/2023\/11\/correo-electronico.png\" alt=\"\" width=\"32\" height=\"32\" \/> dvilla@infoqro.mx<\/td><\/tr><tr><td><span style=\"font-weight: 400;\">Lic. Celia Teresita<\/span> <span style=\"font-weight: 400;\">Lazo Mendoza<\/span><\/td><td>Ar nd\u00f6 ntheni<\/td><td><img decoding=\"async\" class=\"alignnone size-full wp-image-5427\" src=\"https:\/\/www.infoqro.mx\/wp-content\/uploads\/2023\/11\/correo-electronico.png\" alt=\"\" width=\"32\" height=\"32\" \/> clazo@infoqro.mx<\/td><\/tr><tr><td><span style=\"font-weight: 400;\">Mtra. Sarah Mar\u00eda Alcocer D\u00e9lano<\/span><\/td><td>Ar ntsits\u2019i mp<u>e<\/u>hwima\u2019ra ya mhunts\u2019i<\/td><td><img decoding=\"async\" class=\"alignnone size-full wp-image-5427\" src=\"https:\/\/www.infoqro.mx\/wp-content\/uploads\/2023\/11\/correo-electronico.png\" alt=\"\" width=\"32\" height=\"32\" \/> salcocer@infoqro.mx<\/td><\/tr><tr><td><span style=\"font-weight: 400;\">Lic. Julio <\/span><span style=\"font-weight: 400;\">C\u00e9sar<\/span><span style=\"font-weight: 400;\"> S\u00e1nchez D\u00edaz<\/span><\/td><td>Ar g<u>u<\/u>hna\u2019\u00f1u ar x<u>e<\/u>ni ar nthuxa thuuhu ne nuna xogitho<\/td><td><img decoding=\"async\" class=\"alignnone size-full wp-image-5427\" src=\"https:\/\/www.infoqro.mx\/wp-content\/uploads\/2023\/11\/correo-electronico.png\" alt=\"\" width=\"32\" height=\"32\" \/> jsanchez@infoqro.mx<\/td><\/tr><tr><td><span style=\"font-weight: 400;\">Jos\u00e9 Manuel Flores Robles<\/span><\/td><td>Ar nd\u00f6 ar x<u>e<\/u>ningu ya nwata mf\u00f6di<\/td><td><img decoding=\"async\" class=\"alignnone size-full wp-image-5427\" src=\"https:\/\/www.infoqro.mx\/wp-content\/uploads\/2023\/11\/correo-electronico.png\" alt=\"\" width=\"32\" height=\"32\" \/> mflores@infoqro.mx<\/td><\/tr><tr><td><span style=\"font-weight: 400;\">Mtro. Jos\u00e9 Ra\u00fal Ortega Rivera<\/span><\/td><td>Ar nd\u00f6 nsu ne tsixa ya nt\u2019ot\u2019i<\/td><td><img decoding=\"async\" class=\"alignnone size-full wp-image-5427\" src=\"https:\/\/www.infoqro.mx\/wp-content\/uploads\/2023\/11\/correo-electronico.png\" alt=\"\" width=\"32\" height=\"32\" \/> rortega@infoqro.mx<\/td><\/tr><tr><td><span style=\"font-weight: 400;\">C.P. Hugo Israel Flores Mungu\u00eda<\/span><\/td><td>Ar nd\u00f6 ar nthenga \u2018b<u>e<\/u>fi<\/td><td><img decoding=\"async\" class=\"alignnone size-full wp-image-5427\" src=\"https:\/\/www.infoqro.mx\/wp-content\/uploads\/2023\/11\/correo-electronico.png\" alt=\"\" width=\"32\" height=\"32\" \/> hflores@infoqro.mx<\/td><\/tr><tr><td><span style=\"font-weight: 400;\">Lic. M\u00f3nica Arriola Ram\u00edrez<\/span><\/td><td>Ar nd\u00f6 ar ntheni h\u00f1\u00f6 gatho ya j\u00f6\u2019i<\/td><td><img decoding=\"async\" class=\"alignnone size-full wp-image-5427\" src=\"https:\/\/www.infoqro.mx\/wp-content\/uploads\/2023\/11\/correo-electronico.png\" alt=\"\" width=\"32\" height=\"32\" \/> marriola@infoqro.mx<\/td><\/tr><tr><td>Lic. Juana Monserrat Alfaro Hern\u00e1ndez<\/td><td>Ar nd\u00f6 ar ngu hinte t\u2019\u00f6gi<\/td><td><img decoding=\"async\" class=\"alignnone size-full wp-image-5427\" src=\"https:\/\/www.infoqro.mx\/wp-content\/uploads\/2023\/11\/correo-electronico.png\" alt=\"\" width=\"32\" height=\"32\" \/> malfaro@infoqro.mx<\/td><\/tr><tr><td><span style=\"font-weight: 400;\">Luz Montserrat Garc\u00eda B\u00e1rcenas<\/span><\/td><td><span style=\"font-weight: 400;\">Secretaria de Ponencia<\/span><\/td><td><img decoding=\"async\" class=\"alignnone size-full wp-image-5427\" src=\"https:\/\/www.infoqro.mx\/wp-content\/uploads\/2023\/11\/correo-electronico.png\" alt=\"\" width=\"32\" height=\"32\" \/> mgarcia@infoqro.mx<\/td><\/tr><tr><td><span style=\"font-weight: 400;\">Lic. Beatriz Camila Cuevas L\u00e1zaro Carrasco<\/span><\/td><td><span style=\"font-weight: 400;\">Secretaria de Ponencia<\/span><\/td><td><img decoding=\"async\" class=\"alignnone size-full wp-image-5427\" src=\"https:\/\/www.infoqro.mx\/wp-content\/uploads\/2023\/11\/correo-electronico.png\" alt=\"\" width=\"32\" height=\"32\" \/> bcuevas@infoqro.mx<\/td><\/tr><tr><td><span style=\"font-weight: 400;\">Georgina Esparza Aguilar<\/span><\/td><td><span style=\"font-weight: 400;\">Analista Administrativo<\/span><\/td><td><img decoding=\"async\" class=\"alignnone size-full wp-image-5427\" src=\"https:\/\/www.infoqro.mx\/wp-content\/uploads\/2023\/11\/correo-electronico.png\" alt=\"\" width=\"32\" height=\"32\" \/> gesparza@infoqro.mx<\/td><\/tr><tr><td><span style=\"font-weight: 400;\">C.P. Karla Ericka Manr\u00edquez Vega<\/span><\/td><td><span style=\"font-weight: 400;\">Analista Administrativo<\/span><\/td><td><img decoding=\"async\" class=\"alignnone size-full wp-image-5427\" src=\"https:\/\/www.infoqro.mx\/wp-content\/uploads\/2023\/11\/correo-electronico.png\" alt=\"\" width=\"32\" height=\"32\" \/> kmanriquez@infoqro.mx<\/td><\/tr><tr><td><span style=\"font-weight: 400;\">Mtro. Antonio P\u00e9rez Carre\u00f1o<\/span><\/td><td><span style=\"font-weight: 400;\">Analista Administrativo<\/span><\/td><td><img decoding=\"async\" class=\"alignnone size-full wp-image-5427\" src=\"https:\/\/www.infoqro.mx\/wp-content\/uploads\/2023\/11\/correo-electronico.png\" alt=\"\" width=\"32\" height=\"32\" \/> aperez@infoqro.mx<\/td><\/tr><tr><td><span style=\"font-weight: 400;\">Lic. Valdemar Tejeda Campomanes<\/span><\/td><td><span style=\"font-weight: 400;\">Analista Administrativo<\/span><\/td><td><img decoding=\"async\" class=\"alignnone size-full wp-image-5427\" src=\"https:\/\/www.infoqro.mx\/wp-content\/uploads\/2023\/11\/correo-electronico.png\" alt=\"\" width=\"32\" height=\"32\" \/> vtejeda@infoqro.mx<\/td><\/tr><tr><td><span style=\"font-weight: 400;\">Lic. Paola Fuentes Hern\u00e1ndez<\/span><\/td><td><span style=\"font-weight: 400;\">Analista de Auditor\u00eda<\/span><\/td><td><img decoding=\"async\" class=\"alignnone size-full wp-image-5427\" src=\"https:\/\/www.infoqro.mx\/wp-content\/uploads\/2023\/11\/correo-electronico.png\" alt=\"\" width=\"32\" height=\"32\" \/> pfuentes@infoqro.mx<\/td><\/tr><tr><td><span style=\"font-weight: 400;\">Lic. Fernanda L\u00f3pez Hern\u00e1ndez<\/span><\/td><td><span style=\"font-weight: 400;\">Analista de Gobierno Abierto<\/span><\/td><td><img decoding=\"async\" class=\"alignnone size-full wp-image-5427\" src=\"https:\/\/www.infoqro.mx\/wp-content\/uploads\/2023\/11\/correo-electronico.png\" alt=\"\" width=\"32\" height=\"32\" \/> flopez@infoqro.mx<\/td><\/tr><tr><td><span style=\"font-weight: 400;\">Lic. Mar\u00eda Fernanda Blas Guti\u00e9rrez<\/span><\/td><td><span style=\"font-weight: 400;\">Secretaria de Ponencia<\/span><\/td><td><img decoding=\"async\" class=\"alignnone size-full wp-image-5427\" src=\"https:\/\/www.infoqro.mx\/wp-content\/uploads\/2023\/11\/correo-electronico.png\" alt=\"\" width=\"32\" height=\"32\" \/> mblas@infoqro.mx<\/td><\/tr><tr><td><span style=\"font-weight: 400;\">Mar\u00eda <\/span><span style=\"font-weight: 400;\">Eugenia<\/span><span style=\"font-weight: 400;\"> Rivera Becerra<\/span><\/td><td><span style=\"font-weight: 400;\">Analista Jur\u00eddico<\/span><\/td><td><img decoding=\"async\" class=\"alignnone size-full wp-image-5427\" src=\"https:\/\/www.infoqro.mx\/wp-content\/uploads\/2023\/11\/correo-electronico.png\" alt=\"\" width=\"32\" height=\"32\" \/> mrivera@infoqro.mx<\/td><\/tr><tr><td><span style=\"font-weight: 400;\">Lic. Diana Lizbeth N\u00fa\u00f1ez Favela<\/span><\/td><td><span style=\"font-weight: 400;\">Analista <\/span><span style=\"font-weight: 400;\">Jur\u00eddico<\/span><\/td><td><img decoding=\"async\" class=\"alignnone size-full wp-image-5427\" src=\"https:\/\/www.infoqro.mx\/wp-content\/uploads\/2023\/11\/correo-electronico.png\" alt=\"\" width=\"32\" height=\"32\" \/> dfavela@infoqro.mx<\/td><\/tr><tr><td><span style=\"font-weight: 400;\">Lic. Mar\u00eda Lizeth Guani Pacheco<\/span><\/td><td><span style=\"font-weight: 400;\">Analista Jur\u00eddico<\/span><\/td><td><a href=\"https:\/\/www.infoqro.mx\/marco-juridico.html\"><span style=\"font-weight: 400;\"><img decoding=\"async\" class=\"alignnone size-full wp-image-5427\" src=\"https:\/\/www.infoqro.mx\/wp-content\/uploads\/2023\/11\/correo-electronico.png\" alt=\"\" width=\"32\" height=\"32\" \/> <\/span><\/a><span style=\"font-weight: 400;\">mguani@infoqro.mx<\/span><\/td><\/tr><tr><td>Lic. Itzel Alejandra Velasco Rinc\u00f3n<\/td><td>Analista Jur\u00eddico<\/td><td><img decoding=\"async\" class=\"alignnone size-full wp-image-5427\" src=\"https:\/\/www.infoqro.mx\/wp-content\/uploads\/2023\/11\/correo-electronico.png\" alt=\"\" width=\"32\" height=\"32\" \/> ivelasco@infoqro.mx<\/td><\/tr><tr><td><span style=\"font-weight: 400;\">Lic. Lizbeth Jim\u00e9nez Zamora<\/span><\/td><td><span style=\"font-weight: 400;\">Analista de Verificaci\u00f3n<\/span><\/td><td><img decoding=\"async\" class=\"alignnone size-full wp-image-5427\" src=\"https:\/\/www.infoqro.mx\/wp-content\/uploads\/2023\/11\/correo-electronico.png\" alt=\"\" width=\"32\" height=\"32\" \/> ljimenez@infoqro.mx<\/td><\/tr><tr><td><span style=\"font-weight: 400;\">Lic. Blanca Alejandra Rosas Alencaster<\/span><\/td><td><span style=\"font-weight: 400;\">Analista de Verificaci\u00f3n<\/span><\/td><td><img decoding=\"async\" class=\"alignnone size-full wp-image-5427\" src=\"https:\/\/www.infoqro.mx\/wp-content\/uploads\/2023\/11\/correo-electronico.png\" alt=\"\" width=\"32\" height=\"32\" \/> arosas@infoqro.mx<\/td><\/tr><tr><td><span style=\"font-weight: 400;\">Lic. Iv\u00e1n Salgado Ram\u00edrez<\/span><\/td><td><span style=\"font-weight: 400;\">Analista Administrativo<\/span><\/td><td data-wp-editing=\"1\"><img decoding=\"async\" class=\"alignnone size-full wp-image-5427\" src=\"https:\/\/www.infoqro.mx\/wp-content\/uploads\/2023\/11\/correo-electronico.png\" alt=\"\" width=\"32\" height=\"32\" \/> isalgado@infoqro.mx<\/td><\/tr><tr><td>Lic. Juan Manuel Arias Franco<\/td><td>Analista Jur\u00eddico<\/td><td><img decoding=\"async\" class=\"alignnone size-full wp-image-5427\" src=\"https:\/\/www.infoqro.mx\/wp-content\/uploads\/2023\/11\/correo-electronico.png\" alt=\"\" width=\"32\" height=\"32\" \/> jarias@infoqro.mx<\/td><\/tr><tr><td>C. <span style=\"font-weight: 400;\">Haid\u00e9 Morales Flores<\/span><\/td><td><span style=\"font-weight: 400;\">Recepcionista<\/span><\/td><td><img decoding=\"async\" class=\"alignnone size-full wp-image-5427\" src=\"https:\/\/www.infoqro.mx\/wp-content\/uploads\/2023\/11\/correo-electronico.png\" alt=\"\" width=\"32\" height=\"32\" \/> hmorales@infoqro.mx<\/td><\/tr><tr><td>C. Jos\u00e9 Luis Nieto Mart\u00ednez<\/td><td>Auxiliar de Mantenimiento<\/td><td>\u00a0<\/td><\/tr><tr><td>C. Mar\u00eda Catalina Ram\u00edrez Mart\u00ednez<\/td><td><span style=\"font-weight: 400;\">Intendente<\/span><\/td><td>\u00a0<\/td><\/tr><\/tbody><\/table><\/div>\t\t\t\t\t\t\t\t<\/div>\n\t\t\t\t<\/div>\n\t\t\t\t<div class=\"elementor-element elementor-element-eabeb7d elementor-widget elementor-widget-heading\" data-id=\"eabeb7d\" data-element_type=\"widget\" data-e-type=\"widget\" data-widget_type=\"heading.default\">\n\t\t\t\t<div class=\"elementor-widget-container\">\n\t\t\t\t\t<h2 class=\"elementor-heading-title elementor-size-default\"><a href=\"https:\/\/www.infoqro.mx\/index.php\/teme-ar-hno-gatho-da-bodi\/\">Teme ar h\u00f1\u00f6 gatho da b\u00f6di<\/a><\/h2>\t\t\t\t<\/div>\n\t\t\t\t<\/div>\n\t\t\t\t<div class=\"elementor-element elementor-element-cb3e413 elementor-widget elementor-widget-image\" data-id=\"cb3e413\" data-element_type=\"widget\" data-e-type=\"widget\" data-widget_type=\"image.default\">\n\t\t\t\t<div class=\"elementor-widget-container\">\n\t\t\t\t\t\t\t\t\t\t\t\t\t\t\t<img decoding=\"async\" src=\"https:\/\/www.infoqro.mx\/wp-content\/uploads\/2024\/12\/inpi.png\" title=\"inpi\" alt=\"inpi\" loading=\"lazy\" \/>\t\t\t\t\t\t\t\t\t\t\t\t\t\t\t<\/div>\n\t\t\t\t<\/div>\n\t\t\t\t\t<\/div>\n\t\t<\/div>\n\t\t\t\t\t<\/div>\n\t\t<\/section>\n\t\t\t\t<section class=\"elementor-section elementor-top-section elementor-element elementor-element-0f21518 elementor-section-boxed elementor-section-height-default elementor-section-height-default\" data-id=\"0f21518\" data-element_type=\"section\" data-e-type=\"section\" data-settings=\"{&quot;scisco_shape_divider_top&quot;:&quot;none&quot;,&quot;scisco_shape_divider_bottom&quot;:&quot;none&quot;}\">\n\t\t\t\t\t\t<div class=\"elementor-container elementor-column-gap-default\">\n\t\t\t\t\t<div class=\"elementor-column elementor-col-100 elementor-top-column elementor-element elementor-element-7367df8\" data-id=\"7367df8\" data-element_type=\"column\" data-e-type=\"column\">\n\t\t\t<div class=\"elementor-widget-wrap elementor-element-populated\">\n\t\t\t\t\t\t<div class=\"elementor-element elementor-element-a545fc1 elementor-widget__width-initial elementor-fixed elementor-hidden-desktop elementor-hidden-tablet elementor-hidden-mobile elementor-widget elementor-widget-image\" data-id=\"a545fc1\" data-element_type=\"widget\" data-e-type=\"widget\" data-settings=\"{&quot;_position&quot;:&quot;fixed&quot;}\" data-widget_type=\"image.default\">\n\t\t\t\t<div class=\"elementor-widget-container\">\n\t\t\t\t\t\t\t\t\t\t\t\t\t\t\t\t<a href=\"https:\/\/www.infoqro.mx\/index.php\/teme-ar-infoqro\/\">\n\t\t\t\t\t\t\t<img fetchpriority=\"high\" decoding=\"async\" width=\"750\" height=\"476\" src=\"https:\/\/www.infoqro.mx\/wp-content\/uploads\/2024\/07\/boton_otomi_drop.png\" class=\"attachment-large size-large wp-image-18554\" alt=\"\" srcset=\"https:\/\/www.infoqro.mx\/wp-content\/uploads\/2024\/07\/boton_otomi_drop.png 974w, https:\/\/www.infoqro.mx\/wp-content\/uploads\/2024\/07\/boton_otomi_drop-300x190.png 300w, https:\/\/www.infoqro.mx\/wp-content\/uploads\/2024\/07\/boton_otomi_drop-768x487.png 768w\" sizes=\"(max-width: 750px) 100vw, 750px\" style=\"width:100%;height:63.45%;max-width:974px\" \/>\t\t\t\t\t\t\t\t<\/a>\n\t\t\t\t\t\t\t\t\t\t\t\t\t\t\t<\/div>\n\t\t\t\t<\/div>\n\t\t\t\t\t<\/div>\n\t\t<\/div>\n\t\t\t\t\t<\/div>\n\t\t<\/section>\n\t\t\t\t<\/div>\n\t\t","protected":false},"excerpt":{"rendered":"<p>Inicio \u00a0\u00bb Ga p\u00e4di ga \u00bb Ar nt\u2019o\u2019\u00f1uu Ar nt\u2019o\u2019\u00f1uu Ar thuuhu \u00c1r \u2018befi Ar m\u2019ehnah\u00f1\u00f6 \u00f1ot\u2019i Mtro. Javier Marra Olea N\u2019a ar nd\u00f6nt\u2019ets\u2019i jmarra@infoqro.mx Lic. Alejandra Vargas V\u00e1zquez N\u2019a ar nt\u2019ets\u2019i avargas@infoqro.mx Mtro. Octavio Pastor Nieto de la Torre Ma n\u2019a nt\u2019ets\u2019i onieto@infoqro.mx Lic. Dulce Nadia Villa Maldonado Ar ot\u2019ate nt\u2019ot\u2019e dvilla@infoqro.mx Lic. Celia&hellip; <a class=\"more-link\" href=\"https:\/\/www.infoqro.mx\/index.php\/ar-ntonuu\/\">Seguir leyendo <span class=\"screen-reader-text\">Ar nt\u00b4o\u00b4\u00f1uu Amealco<\/span><\/a><\/p>\n","protected":false},"author":5,"featured_media":0,"parent":0,"menu_order":0,"comment_status":"closed","ping_status":"closed","template":"elementor_header_footer","meta":{"_monsterinsights_skip_tracking":false,"_monsterinsights_sitenote_active":false,"_monsterinsights_sitenote_note":"","_monsterinsights_sitenote_category":0,"footnotes":""},"coauthors":[],"class_list":["post-17949","page","type-page","status-publish","hentry","entry"],"_links":{"self":[{"href":"https:\/\/www.infoqro.mx\/index.php\/wp-json\/wp\/v2\/pages\/17949","targetHints":{"allow":["GET"]}}],"collection":[{"href":"https:\/\/www.infoqro.mx\/index.php\/wp-json\/wp\/v2\/pages"}],"about":[{"href":"https:\/\/www.infoqro.mx\/index.php\/wp-json\/wp\/v2\/types\/page"}],"author":[{"embeddable":true,"href":"https:\/\/www.infoqro.mx\/index.php\/wp-json\/wp\/v2\/users\/5"}],"replies":[{"embeddable":true,"href":"https:\/\/www.infoqro.mx\/index.php\/wp-json\/wp\/v2\/comments?post=17949"}],"version-history":[{"count":0,"href":"https:\/\/www.infoqro.mx\/index.php\/wp-json\/wp\/v2\/pages\/17949\/revisions"}],"wp:attachment":[{"href":"https:\/\/www.infoqro.mx\/index.php\/wp-json\/wp\/v2\/media?parent=17949"}],"wp:term":[{"taxonomy":"author","embeddable":true,"href":"https:\/\/www.infoqro.mx\/index.php\/wp-json\/wp\/v2\/coauthors?post=17949"}],"curies":[{"name":"wp","href":"https:\/\/api.w.org\/{rel}","templated":true}]}}