{"id":4824,"date":"2023-10-26T23:13:52","date_gmt":"2023-10-26T23:13:52","guid":{"rendered":"https:\/\/www.infoqro.mx\/?page_id=4824"},"modified":"2026-01-22T09:53:43","modified_gmt":"2026-01-22T15:53:43","slug":"lineamientos","status":"publish","type":"page","link":"https:\/\/www.infoqro.mx\/index.php\/lineamientos\/","title":{"rendered":"Lineamientos"},"content":{"rendered":"\t\t<div data-elementor-type=\"wp-page\" data-elementor-id=\"4824\" class=\"elementor elementor-4824\" data-elementor-post-type=\"page\">\n\t\t\t\t\t\t<section class=\"elementor-section elementor-top-section elementor-element elementor-element-2efbb45 elementor-section-boxed elementor-section-height-default elementor-section-height-default\" data-id=\"2efbb45\" data-element_type=\"section\" data-e-type=\"section\" data-settings=\"{&quot;scisco_shape_divider_top&quot;:&quot;none&quot;,&quot;scisco_shape_divider_bottom&quot;:&quot;none&quot;}\">\n\t\t\t\t\t\t<div class=\"elementor-container elementor-column-gap-default\">\n\t\t\t\t\t<div class=\"elementor-column elementor-col-100 elementor-top-column elementor-element elementor-element-4f7fb6d\" data-id=\"4f7fb6d\" data-element_type=\"column\" data-e-type=\"column\">\n\t\t\t<div class=\"elementor-widget-wrap elementor-element-populated\">\n\t\t\t\t<a class=\"eael-wrapper-link-abad059 --eael-wrapper-link-tag\" href=\"https:\/\/www.infoqro.mx\"><\/a>\t\t<div data-eael-wrapper-link=\"eael-wrapper-link-abad059\" class=\"elementor-element elementor-element-abad059 elementor-widget__width-auto migas elementor-widget elementor-widget-text-editor\" data-id=\"abad059\" data-element_type=\"widget\" data-e-type=\"widget\" data-widget_type=\"text-editor.default\">\n\t\t\t\t<div class=\"elementor-widget-container\">\n\t\t\t\t\t\t\t\t\t<p>Inicio<\/p>\t\t\t\t\t\t\t\t<\/div>\n\t\t\t\t<\/div>\n\t\t\t\t<div class=\"elementor-element elementor-element-f26b242 elementor-widget__width-auto migas elementor-widget elementor-widget-text-editor\" data-id=\"f26b242\" data-element_type=\"widget\" data-e-type=\"widget\" data-widget_type=\"text-editor.default\">\n\t\t\t\t<div class=\"elementor-widget-container\">\n\t\t\t\t\t\t\t\t\t<p>&nbsp;\u00bb&nbsp;<span style=\"color: var( --e-global-color-primary );text-align: right\">&nbsp;Marco Jur\u00eddico \u00bb<\/span><span style=\"color: var( --e-global-color-primary );font-weight: 800;text-align: right\">&nbsp;Lineamientos<\/span><\/p>\t\t\t\t\t\t\t\t<\/div>\n\t\t\t\t<\/div>\n\t\t\t\t\t<\/div>\n\t\t<\/div>\n\t\t\t\t\t<\/div>\n\t\t<\/section>\n\t\t\t\t<section class=\"elementor-section elementor-top-section elementor-element elementor-element-8a16fae elementor-section-content-top elementor-section-boxed elementor-section-height-default elementor-section-height-default\" data-id=\"8a16fae\" data-element_type=\"section\" data-e-type=\"section\" data-settings=\"{&quot;scisco_shape_divider_top&quot;:&quot;none&quot;,&quot;scisco_shape_divider_bottom&quot;:&quot;none&quot;}\">\n\t\t\t\t\t\t<div class=\"elementor-container elementor-column-gap-extended\">\n\t\t\t\t\t<div class=\"elementor-column elementor-col-33 elementor-top-column elementor-element elementor-element-78ec63f\" data-id=\"78ec63f\" data-element_type=\"column\" data-e-type=\"column\">\n\t\t\t<div class=\"elementor-widget-wrap elementor-element-populated\">\n\t\t\t\t\t\t<div class=\"elementor-element elementor-element-d9cb0a5 elementor-widget__width-initial elementor-widget elementor-widget-image\" data-id=\"d9cb0a5\" data-element_type=\"widget\" data-e-type=\"widget\" data-widget_type=\"image.default\">\n\t\t\t\t<div class=\"elementor-widget-container\">\n\t\t\t\t\t\t\t\t\t\t\t\t\t\t\t<img decoding=\"async\" src=\"https:\/\/www.infoqro.mx\/wp-content\/uploads\/2023\/12\/mision_vision-2.png\" title=\"mision_vision-2\" alt=\"mision_vision-2\" loading=\"lazy\" \/>\t\t\t\t\t\t\t\t\t\t\t\t\t\t\t<\/div>\n\t\t\t\t<\/div>\n\t\t\t\t\t<\/div>\n\t\t<\/div>\n\t\t\t\t<div class=\"elementor-column elementor-col-66 elementor-top-column elementor-element elementor-element-17c7496\" data-id=\"17c7496\" data-element_type=\"column\" data-e-type=\"column\">\n\t\t\t<div class=\"elementor-widget-wrap elementor-element-populated\">\n\t\t\t\t\t\t<div class=\"elementor-element elementor-element-6dafd94 elementor-widget__width-initial elementor-widget-mobile__width-initial elementor-widget elementor-widget-heading\" data-id=\"6dafd94\" data-element_type=\"widget\" data-e-type=\"widget\" data-widget_type=\"heading.default\">\n\t\t\t\t<div class=\"elementor-widget-container\">\n\t\t\t\t\t<h2 class=\"elementor-heading-title elementor-size-default\">Lineamientos<\/h2>\t\t\t\t<\/div>\n\t\t\t\t<\/div>\n\t\t\t\t<div class=\"elementor-element elementor-element-962f0a8 elementor-widget elementor-widget-text-editor\" data-id=\"962f0a8\" data-element_type=\"widget\" data-e-type=\"widget\" data-widget_type=\"text-editor.default\">\n\t\t\t\t<div class=\"elementor-widget-container\">\n\t\t\t\t\t\t\t\t\t<div class=\"table-responsive\"><table class=\"table table-hover\"><tbody><tr><td>Lineamientos para la Organizaci\u00f3n, Coordinaci\u00f3n y Funcionamiento de las Instancias de los Integrantes del Sistema Nacional de Transparencia, Acceso a la Informaci\u00f3n P\u00fablica y Protecci\u00f3n de Datos Personales<\/td><td width=\"20%\"><a href=\"https:\/\/www.infoqro.mx\/marcojuridico\/lineamientos\/Lineamientos_Instancias_SNT_Reformado_101123.pdf\" target=\"_blank\" rel=\"noopener\"><img decoding=\"async\" class=\"aligncenter wp-image-5612\" src=\"https:\/\/www.infoqro.mx\/wp-content\/uploads\/2023\/11\/vista_verde-01.svg\" alt=\"\" width=\"35\" height=\"35\" \/><\/a><\/td><td width=\"30%\"><a href=\"ttps:\/\/www.infoqro.mx\/marcojuridico\/lineamientos\/Lineamientos_Instancias_SNT_Reformado_101123.pdf\" target=\"_blank\" rel=\"noopener\"><img decoding=\"async\" class=\"aligncenter wp-image-5350\" src=\"https:\/\/www.infoqro.mx\/wp-content\/uploads\/2023\/11\/descarga_verde-01.svg\" alt=\"\" width=\"35\" height=\"49\" \/><\/a><\/td><\/tr><tr><td>Lineamientos T\u00e9cnicos Generales para la Publicaci\u00f3n, Homologaci\u00f3n y Estandarizaci\u00f3n de la Informaci\u00f3n de las Obligaciones de Transparencia<\/td><td><a href=\"https:\/\/www.infoqro.mx\/marcojuridico\/lineamientos\/6.%20Lineamientos%20T\u00e9cnicos%20Generales%20%282%29.pdf\" target=\"_blank\" rel=\"noopener\"><img decoding=\"async\" class=\"wp-image-5612 aligncenter\" src=\"https:\/\/www.infoqro.mx\/wp-content\/uploads\/2023\/11\/vista_verde-01.svg\" alt=\"\" width=\"40\" height=\"40\" \/><\/a><\/td><td><a href=\"https:\/\/www.infoqro.mx\/marcojuridico\/lineamientos\/6.%20Lineamientos%20T\u00e9cnicos%20Generales%20%282%29.pdf\" target=\"_blank\" rel=\"noopener\"><img loading=\"lazy\" decoding=\"async\" class=\"wp-image-5350 aligncenter\" src=\"https:\/\/www.infoqro.mx\/wp-content\/uploads\/2023\/11\/descarga_verde-01.svg\" alt=\"\" width=\"35\" height=\"49\" \/><\/a><\/td><\/tr><tr><td>Lineamientos para determinar los Cat\u00e1logos y Publicaci\u00f3n de Informaci\u00f3n de Inter\u00e9s P\u00fablico<\/td><td><a href=\"https:\/\/portal.infoqro.mx\/transparencia\/normatividad\/lineamientos\/lineamientos-para-Determinar-los-Catalogos-y-Publicacion-de-Informacion-de-Interes-Publico.pdf\" target=\"_blank\" rel=\"noopener\"><img loading=\"lazy\" decoding=\"async\" class=\"wp-image-5612 aligncenter\" src=\"https:\/\/www.infoqro.mx\/wp-content\/uploads\/2023\/11\/vista_verde-01.svg\" alt=\"\" width=\"35\" height=\"35\" \/><\/a><\/td><td><a href=\"https:\/\/portal.infoqro.mx\/transparencia\/normatividad\/lineamientos\/lineamientos-para-Determinar-los-Catalogos-y-Publicacion-de-Informacion-de-Interes-Publico.pdf\" target=\"_blank\" rel=\"noopener\"><img loading=\"lazy\" decoding=\"async\" class=\"wp-image-5350 aligncenter\" src=\"https:\/\/www.infoqro.mx\/wp-content\/uploads\/2023\/11\/descarga_verde-01.svg\" alt=\"\" width=\"35\" height=\"49\" \/><\/a><\/td><\/tr><tr><td>Lineamientos para la Emisi\u00f3n y Evaluaci\u00f3n de Pol\u00edticas de Transparencia Proactiva<\/td><td><a href=\"https:\/\/portal.infoqro.mx\/transparencia\/normatividad\/lineamientos\/LINEAMIENTOS-PARA-LA-EMISION-Y-EVALUACION-DE-POLITICAS-DE-TRANSPARENCIA-PROACTIVA.pdf\" target=\"_blank\" rel=\"noopener\"><img loading=\"lazy\" decoding=\"async\" class=\"wp-image-5612 aligncenter\" src=\"https:\/\/www.infoqro.mx\/wp-content\/uploads\/2023\/11\/vista_verde-01.svg\" alt=\"\" width=\"35\" height=\"35\" \/><\/a><\/td><td><a href=\"https:\/\/portal.infoqro.mx\/transparencia\/normatividad\/lineamientos\/LINEAMIENTOS-PARA-LA-EMISION-Y-EVALUACION-DE-POLITICAS-DE-TRANSPARENCIA-PROACTIVA.pdf\" target=\"_blank\" rel=\"noopener\"><img loading=\"lazy\" decoding=\"async\" class=\"wp-image-5350 aligncenter\" src=\"https:\/\/www.infoqro.mx\/wp-content\/uploads\/2023\/11\/descarga_verde-01.svg\" alt=\"\" width=\"35\" height=\"49\" \/><\/a><\/td><\/tr><tr><td>Lineamientos que establecen los Criterios para el cumplimiento de las Obligaciones de Transparencia a cargo de las Personas Morales constituidas en Asociaci\u00f3n Civil creadas por las Ciudadanas y los Ciudadanos que pretendan postular su Candidatura Independiente en el Estado de Quer\u00e9taro<\/td><td><a href=\"\/\/www.infoqro.mx\/marcojuridico\/LINEAMIENTOS_ASOCIACIONES_CIVILES.pdf\" target=\"_blank\" rel=\"noopener\"><img loading=\"lazy\" decoding=\"async\" class=\"aligncenter wp-image-5612\" src=\"https:\/\/www.infoqro.mx\/wp-content\/uploads\/2023\/11\/vista_verde-01.svg\" alt=\"\" width=\"40\" height=\"40\" \/><\/a><\/td><td><a href=\"\/\/www.infoqro.mx\/marcojuridico\/LINEAMIENTOS_ASOCIACIONES_CIVILES.pdf\" target=\"_blank\" rel=\"noopener\"><img decoding=\"async\" class=\"aligncenter wp-image-5350\" src=\"https:\/\/www.infoqro.mx\/wp-content\/uploads\/2023\/11\/descarga_verde-01.svg\" alt=\"\" width=\"35\" height=\"49\" \/><\/a><\/td><\/tr><tr><td>Lineamientos para la Gesti\u00f3n y Operaci\u00f3n de la Plataforma Nacional de Transparencia<\/td><td><a href=\"https:\/\/www.infoqro.mx\/marcojuridico\/lineamientos\/LINEAMIENTOS%20PARA%20LA%20GESTI%C3%93N%20Y%20OPERACI%C3%93N%20DE%20LA%20PLATAFORMA%20NACIONAL%20DE%20TRANSPARENCIA.pdf\" target=\"_blank\" rel=\"noopener\"><img loading=\"lazy\" decoding=\"async\" class=\"aligncenter wp-image-5612\" src=\"https:\/\/www.infoqro.mx\/wp-content\/uploads\/2023\/11\/vista_verde-01.svg\" alt=\"\" width=\"40\" height=\"40\" \/><\/a><\/td><td><a href=\"https:\/\/www.infoqro.mx\/marcojuridico\/lineamientos\/LINEAMIENTOS%20PARA%20LA%20GESTI%C3%93N%20Y%20OPERACI%C3%93N%20DE%20LA%20PLATAFORMA%20NACIONAL%20DE%20TRANSPARENCIA.pdf\" target=\"_blank\" rel=\"noopener\"><img decoding=\"async\" class=\"aligncenter wp-image-5350\" src=\"https:\/\/www.infoqro.mx\/wp-content\/uploads\/2023\/11\/descarga_verde-01.svg\" alt=\"\" width=\"35\" height=\"49\" \/><\/a><\/td><\/tr><tr><td>Lineamientos para la Elecci\u00f3n y\/o Reelecci\u00f3n de Coordinaciones de Comisiones, de las Regiones y Coordinaci\u00f3n de los Organismos Garantes de las Entidades Federativas<\/td><td><a href=\"https:\/\/www.infoqro.mx\/wp-content\/uploads\/2024\/07\/lineamientos_eleccion_reeleccion_coord_regiones_Coordinacion_OGEF_SNT.pdf\" target=\"_blank\" rel=\"noopener\"><img loading=\"lazy\" decoding=\"async\" class=\"aligncenter wp-image-5612\" src=\"https:\/\/www.infoqro.mx\/wp-content\/uploads\/2023\/11\/vista_verde-01.svg\" alt=\"\" width=\"40\" height=\"40\" \/><\/a><\/td><td><a href=\"https:\/\/www.infoqro.mx\/wp-content\/uploads\/2024\/07\/lineamientos_eleccion_reeleccion_coord_regiones_Coordinacion_OGEF_SNT.pdf\" target=\"_blank\" rel=\"noopener\"><img decoding=\"async\" class=\"aligncenter wp-image-5350\" src=\"https:\/\/www.infoqro.mx\/wp-content\/uploads\/2023\/11\/descarga_verde-01.svg\" alt=\"\" width=\"35\" height=\"49\" \/><\/a><\/td><\/tr><tr><td>Lineamientos generales en materia de clasificaci\u00f3n y desclasificaci\u00f3n, as\u00ed como para la elaboraci\u00f3n de versiones p\u00fablicas<\/td><td><a href=\"https:\/\/www.infoqro.mx\/marcojuridico\/lineamientos\/Lineamientos-de-Clasificacion-y-Desclasificacion-01_14h.pdf\" target=\"_blank\" rel=\"noopener\"><img loading=\"lazy\" decoding=\"async\" class=\"aligncenter wp-image-5612\" src=\"https:\/\/www.infoqro.mx\/wp-content\/uploads\/2023\/11\/vista_verde-01.svg\" alt=\"\" width=\"40\" height=\"40\" \/><\/a><\/td><td><a href=\"https:\/\/www.infoqro.mx\/marcojuridico\/lineamientos\/Lineamientos-de-Clasificacion-y-Desclasificacion-01_14h.pdf\" target=\"_blank\" rel=\"noopener\"><img decoding=\"async\" class=\"aligncenter wp-image-5350\" src=\"https:\/\/www.infoqro.mx\/wp-content\/uploads\/2023\/11\/descarga_verde-01.svg\" alt=\"\" width=\"35\" height=\"49\" \/><\/a><\/td><\/tr><tr><td>Lineamientos para la emisi\u00f3n de criterios de interpretaci\u00f3n del Instituto Nacional de Transparencia, Acceso a la Informaci\u00f3n y Protecci\u00f3n de Datos Personales y se determina iniciar la Tercera \u00c9poca de Criterios de Interpretaci\u00f3n.<\/td><td><a href=\"https:\/\/portal.infoqro.mx\/transparencia\/normatividad\/acuerdos\/federal\/acuerdo_lineamientos_criterios.pdf\" target=\"_blank\" rel=\"noopener\"><img loading=\"lazy\" decoding=\"async\" class=\"aligncenter wp-image-5612\" src=\"https:\/\/www.infoqro.mx\/wp-content\/uploads\/2023\/11\/vista_verde-01.svg\" alt=\"\" width=\"40\" height=\"40\" \/><\/a><\/td><td><a href=\"https:\/\/portal.infoqro.mx\/transparencia\/normatividad\/acuerdos\/federal\/acuerdo_lineamientos_criterios.pdf\" target=\"_blank\" rel=\"noopener\"><img decoding=\"async\" class=\"aligncenter wp-image-5350\" src=\"https:\/\/www.infoqro.mx\/wp-content\/uploads\/2023\/11\/descarga_verde-01.svg\" alt=\"\" width=\"35\" height=\"49\" \/><\/a><\/td><\/tr><tr><td>Lineamientos Generales para que el Instituto Nacional de Transparencia, Acceso a la Informaci\u00f3n y Protecci\u00f3n de Datos Personales ejerza la facultad de atracci\u00f3n<\/td><td><a href=\"https:\/\/portal.infoqro.mx\/transparencia\/normatividad\/acuerdos\/federal\/acuerdo_lineamientos_inai_facultad_atraccion.pdf\" target=\"_blank\" rel=\"noopener\"><img loading=\"lazy\" decoding=\"async\" class=\"aligncenter wp-image-5612\" src=\"https:\/\/www.infoqro.mx\/wp-content\/uploads\/2023\/11\/vista_verde-01.svg\" alt=\"\" width=\"40\" height=\"40\" \/><\/a><\/td><td><a href=\"https:\/\/portal.infoqro.mx\/transparencia\/normatividad\/acuerdos\/federal\/acuerdo_lineamientos_inai_facultad_atraccion.pdf\" target=\"_blank\" rel=\"noopener\"><img decoding=\"async\" class=\"aligncenter wp-image-5350\" src=\"https:\/\/www.infoqro.mx\/wp-content\/uploads\/2023\/11\/descarga_verde-01.svg\" alt=\"\" width=\"35\" height=\"49\" \/><\/a><\/td><\/tr><tr><td>Lineamientos para la Atenci\u00f3n de Denuncias y Quejas<\/td><td><a href=\"https:\/\/www.infoqro.mx\/marcojuridico\/lineamientos\/LINEAMIENTOSPARALAATENCIONDEQUEJASYDENUNCIAS.pdf\" target=\"_blank\" rel=\"noopener\"><img loading=\"lazy\" decoding=\"async\" class=\"aligncenter wp-image-5612\" src=\"https:\/\/www.infoqro.mx\/wp-content\/uploads\/2023\/11\/vista_verde-01.svg\" alt=\"\" width=\"40\" height=\"40\" \/><\/a><\/td><td><a href=\"https:\/\/www.infoqro.mx\/marcojuridico\/lineamientos\/LINEAMIENTOSPARALAATENCIONDEQUEJASYDENUNCIAS.pdf\" target=\"_blank\" rel=\"noopener\"><img decoding=\"async\" class=\"aligncenter wp-image-5350\" src=\"https:\/\/www.infoqro.mx\/wp-content\/uploads\/2023\/11\/descarga_verde-01.svg\" alt=\"\" width=\"35\" height=\"49\" \/><\/a><\/td><\/tr><tr><td>Directrices para el cumplimiento del principio de informaci\u00f3n en<br \/>materia de protecci\u00f3n de datos personales en el estado de Quer\u00e9taro<\/td><td><a href=\"https:\/\/www.infoqro.mx\/marcojuridico\/lineamientos\/DCPIPDP.pdf\" target=\"_blank\" rel=\"noopener\"><img loading=\"lazy\" decoding=\"async\" class=\"aligncenter wp-image-5612\" src=\"https:\/\/www.infoqro.mx\/wp-content\/uploads\/2023\/11\/vista_verde-01.svg\" alt=\"\" width=\"40\" height=\"40\" \/><\/a><\/td><td><a href=\"https:\/\/www.infoqro.mx\/marcojuridico\/lineamientos\/DCPIPDP.pdf\" target=\"_blank\" rel=\"noopener\"><img decoding=\"async\" class=\"aligncenter wp-image-5350\" src=\"https:\/\/www.infoqro.mx\/wp-content\/uploads\/2023\/11\/descarga_verde-01.svg\" alt=\"\" width=\"35\" height=\"49\" \/><\/a><\/td><\/tr><tr><td>Lineamientos para la elaboraci\u00f3n, presentaci\u00f3n y valoraci\u00f3n de<br \/>evaluaciones de impacto en la protecci\u00f3n de datos personales en el<br \/>estado de Quer\u00e9taro<\/td><td><a href=\"https:\/\/www.infoqro.mx\/marcojuridico\/lineamientos\/LEPVEIPDP.pdf\" target=\"_blank\" rel=\"noopener\"><img loading=\"lazy\" decoding=\"async\" class=\"aligncenter wp-image-5612\" src=\"https:\/\/www.infoqro.mx\/wp-content\/uploads\/2023\/11\/vista_verde-01.svg\" alt=\"\" width=\"40\" height=\"40\" \/><\/a><\/td><td><a href=\"https:\/\/www.infoqro.mx\/marcojuridico\/lineamientos\/LEPVEIPDP.pdf\" target=\"_blank\" rel=\"noopener\"><img decoding=\"async\" class=\"aligncenter wp-image-5350\" src=\"https:\/\/www.infoqro.mx\/wp-content\/uploads\/2023\/11\/descarga_verde-01.svg\" alt=\"\" width=\"35\" height=\"49\" \/><\/a><\/td><\/tr><tr><td>Lineamientos para la transparencia proactiva en el estado de Quer\u00e9taro<\/td><td><a href=\"https:\/\/www.infoqro.mx\/marcojuridico\/lineamientos\/LTPEQ%2030-04-25.pdf\" target=\"_blank\" rel=\"noopener\"><img loading=\"lazy\" decoding=\"async\" class=\"aligncenter wp-image-5612\" src=\"https:\/\/www.infoqro.mx\/wp-content\/uploads\/2023\/11\/vista_verde-01.svg\" alt=\"\" width=\"40\" height=\"40\" \/><\/a><\/td><td><a href=\"https:\/\/www.infoqro.mx\/marcojuridico\/lineamientos\/LTPEQ%2030-04-25.pdf\" target=\"_blank\" rel=\"noopener\"><img decoding=\"async\" class=\"aligncenter wp-image-5350\" src=\"https:\/\/www.infoqro.mx\/wp-content\/uploads\/2023\/11\/descarga_verde-01.svg\" alt=\"\" width=\"35\" height=\"49\" \/><\/a><\/td><\/tr><tr><td>Lineamientos para la Implementaci\u00f3n del Ejercicio de Gobierno Abierto en el Estado de Quer\u00e9taro<\/td><td><a href=\"https:\/\/www.infoqro.mx\/marcojuridico\/lineamientos\/Lineamientos%20Reformados.pdf\" target=\"_blank\" rel=\"noopener\"><img loading=\"lazy\" decoding=\"async\" class=\"aligncenter wp-image-5612\" src=\"https:\/\/www.infoqro.mx\/wp-content\/uploads\/2023\/11\/vista_verde-01.svg\" alt=\"\" width=\"40\" height=\"40\" \/><\/a><\/td><td><a href=\"https:\/\/www.infoqro.mx\/marcojuridico\/lineamientos\/Lineamientos%20Reformados.pdf\" target=\"_blank\" rel=\"noopener\"><img decoding=\"async\" class=\"aligncenter wp-image-5350\" src=\"https:\/\/www.infoqro.mx\/wp-content\/uploads\/2023\/11\/descarga_verde-01.svg\" alt=\"\" width=\"35\" height=\"49\" \/><\/a><\/td><\/tr><\/tbody><\/table><\/div>\t\t\t\t\t\t\t\t<\/div>\n\t\t\t\t<\/div>\n\t\t\t\t<div class=\"elementor-element elementor-element-80e8b78 elementor-widget elementor-widget-spacer\" data-id=\"80e8b78\" data-element_type=\"widget\" data-e-type=\"widget\" data-widget_type=\"spacer.default\">\n\t\t\t\t<div class=\"elementor-widget-container\">\n\t\t\t\t\t\t\t<div class=\"elementor-spacer\">\n\t\t\t<div class=\"elementor-spacer-inner\"><\/div>\n\t\t<\/div>\n\t\t\t\t\t\t<\/div>\n\t\t\t\t<\/div>\n\t\t\t\t\t<\/div>\n\t\t<\/div>\n\t\t\t\t\t<\/div>\n\t\t<\/section>\n\t\t\t\t<\/div>\n\t\t","protected":false},"excerpt":{"rendered":"<p>Inicio &nbsp;\u00bb&nbsp;&nbsp;Marco Jur\u00eddico \u00bb&nbsp;Lineamientos Lineamientos Lineamientos para la Organizaci\u00f3n, Coordinaci\u00f3n y Funcionamiento de las Instancias de los Integrantes del Sistema Nacional de Transparencia, Acceso a la Informaci\u00f3n P\u00fablica y Protecci\u00f3n de Datos Personales Lineamientos T\u00e9cnicos Generales para la Publicaci\u00f3n, Homologaci\u00f3n y Estandarizaci\u00f3n de la Informaci\u00f3n de las Obligaciones de Transparencia Lineamientos para determinar los Cat\u00e1logos&hellip; <a class=\"more-link\" href=\"https:\/\/www.infoqro.mx\/index.php\/lineamientos\/\">Seguir leyendo <span class=\"screen-reader-text\">Lineamientos<\/span><\/a><\/p>\n","protected":false},"author":1,"featured_media":0,"parent":0,"menu_order":0,"comment_status":"closed","ping_status":"closed","template":"elementor_header_footer","meta":{"_monsterinsights_skip_tracking":false,"_monsterinsights_sitenote_active":false,"_monsterinsights_sitenote_note":"","_monsterinsights_sitenote_category":0,"footnotes":""},"coauthors":[15],"class_list":["post-4824","page","type-page","status-publish","hentry","entry"],"_links":{"self":[{"href":"https:\/\/www.infoqro.mx\/index.php\/wp-json\/wp\/v2\/pages\/4824","targetHints":{"allow":["GET"]}}],"collection":[{"href":"https:\/\/www.infoqro.mx\/index.php\/wp-json\/wp\/v2\/pages"}],"about":[{"href":"https:\/\/www.infoqro.mx\/index.php\/wp-json\/wp\/v2\/types\/page"}],"author":[{"embeddable":true,"href":"https:\/\/www.infoqro.mx\/index.php\/wp-json\/wp\/v2\/users\/1"}],"replies":[{"embeddable":true,"href":"https:\/\/www.infoqro.mx\/index.php\/wp-json\/wp\/v2\/comments?post=4824"}],"version-history":[{"count":0,"href":"https:\/\/www.infoqro.mx\/index.php\/wp-json\/wp\/v2\/pages\/4824\/revisions"}],"wp:attachment":[{"href":"https:\/\/www.infoqro.mx\/index.php\/wp-json\/wp\/v2\/media?parent=4824"}],"wp:term":[{"taxonomy":"author","embeddable":true,"href":"https:\/\/www.infoqro.mx\/index.php\/wp-json\/wp\/v2\/coauthors?post=4824"}],"curies":[{"name":"wp","href":"https:\/\/api.w.org\/{rel}","templated":true}]}}